 when 2213 is divided by 54.
53
Calculate the remainder when 34482 is divided by 2137.
290
Calculate the remainder when 8335 is divided by 137.
115
What is the remainder when 6735 is divided by 2063?
546
Calculate the remainder when 2610 is divided by 97.
88
Calculate the remainder when 8394 is divided by 8393.
1
Calculate the remainder when 7604 is divided by 378.
44
Calculate the remainder when 1056 is divided by 994.
62
Calculate the remainder when 893 is divided by 595.
298
What is the remainder when 90738 is divided by 13?
11
What is the remainder when 75793 is divided by 743?
7
Calculate the remainder when 599 is divided by 545.
54
What is the remainder when 3984 is divided by 178?
68
Calculate the remainder when 142097 is divided by 19.
15
What is the remainder when 581372 is divided by 1518?
1496
What is the remainder when 8942 is divided by 2232?
14
What is the remainder when 3846 is divided by 273?
24
What is the remainder when 1212 is divided by 497?
218
What is the remainder when 2117 is divided by 2113?
4
Calculate the remainder when 2692 is divided by 94.
60
Calculate the remainder when 86725 is divided by 104.
93
What is the remainder when 262836 is divided by 17522?
6
What is the remainder when 308016 is divided by 33?
27
What is the remainder when 1646 is divided by 872?
774
What is the remainder when 2772 is divided by 881?
129
What is the remainder when 1609 is divided by 166?
115
What is the remainder when 17824 is divided by 25?
24
What is the remainder when 2901 is divided by 592?
533
Calculate the remainder when 2480 is divided by 130.
10
What is the remainder when 3835 is divided by 116?
7
Calculate the remainder when 4530 is divided by 2263.
4
What is the remainder when 692573 is divided by 2043?
2039
Calculate the remainder when 2098543 is divided by 287.
286
Calculate the remainder when 2869 is divided by 912.
133
What is the remainder when 7726 is divided by 234?
4
What is the remainder when 6929 is divided by 46?
29
What is the remainder when 16448 is divided by 19?
13
What is the remainder when 50772 is divided by 34?
10
Calculate the remainder when 476745 is divided by 50.
45
Calculate the remainder when 2717 is divided by 457.
432
Calculate the remainder when 2600 is divided by 1207.
186
What is the remainder when 88554 is divided by 88548?
6
What is the remainder when 596 is divided by 215?
166
What is the remainder when 31412 is divided by 15699?
14
Calculate the remainder when 226453 is divided by 31.
29
Calculate the remainder when 9117 is divided by 583.
372
What is the remainder when 21001 is divided by 1749?
13
Calculate the remainder when 12979 is divided by 3224.
83
Calculate the remainder when 1537 is divided by 634.
269
What is the remainder when 790325 is divided by 138?
137
What is the remainder when 3117 is divided by 51?
6
What is the remainder when 8780 is divided by 1914?
1124
What is the remainder when 17855 is divided by 31?
30
Calculate the remainder when 5889 is divided by 1144.
169
Calculate the remainder when 140370 is divided by 10785.
165
Calculate the remainder when 10315 is divided by 2433.
583
Calculate the remainder when 1771 is divided by 67.
29
Calculate the remainder when 18058 is divided by 43.
41
What is the remainder when 12664 is divided by 549?
37
What is the remainder when 103713 is divided by 354?
345
What is the remainder when 342894 is divided by 464?
462
Calculate the remainder when 1109 is divided by 462.
185
What is the remainder when 6945 is divided by 37?
26
Calculate the remainder when 10554 is divided by 176.
170
What is the remainder when 6447 is divided by 2146?
9
Calculate the remainder when 11724 is divided by 1951.
18
What is the remainder when 69208 is divided by 127?
120
Calculate the remainder when 1372438 is divided by 59671.
5
Calculate the remainder when 13830 is divided by 1152.
6
Calculate the remainder when 997297 is divided by 37.
36
What is the remainder when 3352966 is divided by 86?
84
Calculate the remainder when 11987 is divided by 230.
27
Calculate the remainder when 1156236 is divided by 355.
1
Calculate the remainder when 1059 is divided by 7.
2
Calculate the remainder when 61150 is divided by 124.
18
Calculate the remainder when 14349 is divided by 41.
40
What is the remainder when 39373 is divided by 29?
20
Calculate the remainder when 87737 is divided by 535.
532
What is the remainder when 84179 is divided by 276?
275
What is the remainder when 773902 is divided by 128983?
4
Calculate the remainder when 17986 is divided by 17986.
0
Calculate the remainder when 1384962 is divided by 312.
306
What is the remainder when 334124 is divided by 15?
14
What is the remainder when 6490 is divided by 165?
55
Calculate the remainder when 2783 is divided by 677.
75
Calculate the remainder when 300 is divided by 44.
36
Calculate the remainder when 5658 is divided by 99.
15
What is the remainder when 813 is divided by 704?
109
What is the remainder when 160917 is divided by 18?
15
What is the remainder when 77610 is divided by 12934?
6
Calculate the remainder when 668885 is divided by 222.
221
Calculate the remainder when 1290 is divided by 1210.
80
Calculate the remainder when 556378 is divided by 68.
2
Calculate the remainder when 2486 is divided by 729.
299
Calculate the remainder when 38551 is divided by 20.
11
What is the remainder when 33448 is divided by 92?
52
Calculate the remainder when 4837 is divided by 209.
30
What is the remainder when 1961 is divided by 247?
232
What is the remainder when 620456 is divided by 124089?
11
What is the remainder when 23236 is divided by 3025?
2061
What is the remainder when 35023359 is divided by 128?
127
Calculate the remainder when 1065525 is divided by 121.
120
Calculate the remainder when 380 is divided by 3.
2
Calculate the remainder when 9530114 is divided by 17.
16
What is the remainder when 93 is divided by 75?
18
What is the remainder when 31917 is divided by 336?
333
What is the remainder when 10661 is divided by 259?
42
Calculate the remainder when 80417 is divided by 42.
29
Calculate the remainder when 26595 is divided by 1.
0
What is the remainder when 197189 is divided by 587?
544
What is the remainder when 2789 is divided by 55?
39
What is the remainder when 87167 is divided by 34?
25
What is the remainder when 77586 is divided by 77549?
37
What is the remainder when 1965415 is divided by 182?
179
What is the remainder when 32762 is divided by 493?
224
Calculate the remainder when 244220 is divided by 61048.
28
Calculate the remainder when 133145 is divided by 569.
568
Calculate the remainder when 5689 is divided by 73.
68
Calculate the remainder when 145296 is divided by 860.
816
What is the remainder when 122499 is divided by 1201?
1198
Calculate the remainder when 41851 is divided by 6974.
7
Calculate the remainder when 399857 is divided by 11760.
17
Calculate the remainder when 14074 is divided by 67.
4
What is the remainder when 10778 is divided by 9?
5
What is the remainder when 94 is divided by 28?
10
Calculate the remainder when 4031 is divided by 315.
251
Calculate the remainder when 149569 is divided by 77.
35
What is the remainder when 22701 is divided by 24?
21
Calculate the remainder when 58048 is divided by 90.
88
What is the remainder when 1082 is divided by 639?
443
What is the remainder when 218784 is divided by 258?
0
Calculate the remainder when 1863 is divided by 860.
143
Calculate the remainder when 102788 is divided by 22.
4
Calculate the remainder when 14963 is divided by 62.
21
What is the remainder when 58501 is divided by 4499?
14
What is the remainder when 299 is divided by 166?
133
Calculate the remainder when 10980 is divided by 3619.
123
What is the remainder when 3377 is divided by 261?
245
Calculate the remainder when 8215 is divided by 19.
7
What is the remainder when 29133 is divided by 620?
613
Calculate the remainder when 28127 is divided by 58.
55
What is the remainder when 28149 is divided by 50?
49
What is the remainder when 770 is divided by 147?
35
What is the remainder when 9883 is divided by 206?
201
Calculate the remainder when 213525 is divided by 492.
489
Calculate the remainder when 35480 is divided by 11795.
95
What is the remainder when 3315 